is divided by 178.
4
Calculate the remainder when 92 is divided by 19.
16
What is the remainder when 3886 is divided by 434?
414
What is the remainder when 301 is divided by 103?
95
What is the remainder when 77 is divided by 10?
7
Calculate the remainder when 657 is divided by 133.
125
Calculate the remainder when 384 is divided by 70.
34
What is the remainder when 37 is divided by 12?
1
Calculate the remainder when 896 is divided by 178.
6
Calculate the remainder when 180 is divided by 14.
12
Calculate the remainder when 417 is divided by 28.
25
What is the remainder when 149 is divided by 59?
31
What is the remainder when 40 is divided by 34?
6
Calculate the remainder when 94 is divided by 13.
3
Calculate the remainder when 329 is divided by 22.
21
What is the remainder when 5543 is divided by 84?
83
What is the remainder when 533 is divided by 89?
88
What is the remainder when 394 is divided by 21?
16
What is the remainder when 285 is divided by 41?
39
What is the remainder when 773 is divided by 23?
14
Calculate the remainder when 86 is divided by 28.
2
Calculate the remainder when 17008 is divided by 21.
19
What is the remainder when 565 is divided by 181?
22
What is the remainder when 771 is divided by 69?
12
What is the remainder when 4445 is divided by 171?
170
What is the remainder when 1293 is divided by 320?
13
Calculate the remainder when 308 is divided by 305.
3
Calculate the remainder when 2636 is divided by 176.
172
Calculate the remainder when 3791 is divided by 48.
47
Calculate the remainder when 132 is divided by 80.
52
Calculate the remainder when 372 is divided by 107.
51
What is the remainder when 1849 is divided by 11?
1
Calculate the remainder when 336 is divided by 109.
9
Calculate the remainder when 1359 is divided by 80.
79
Calculate the remainder when 4263 is divided by 18.
15
What is the remainder when 96 is divided by 83?
13
What is the remainder when 428 is divided by 68?
20
What is the remainder when 41 is divided by 17?
7
Calculate the remainder when 873 is divided by 19.
18
Calculate the remainder when 26 is divided by 10.
6
What is the remainder when 79 is divided by 5?
4
What is the remainder when 247 is divided by 85?
77
What is the remainder when 417 is divided by 14?
11
What is the remainder when 5068 is divided by 62?
46
What is the remainder when 293 is divided by 49?
48
Calculate the remainder when 71 is divided by 19.
14
What is the remainder when 113 is divided by 100?
13
What is the remainder when 1005 is divided by 27?
6
What is the remainder when 9871 is divided by 18?
7
What is the remainder when 1780 is divided by 94?
88
What is the remainder when 152 is divided by 5?
2
What is the remainder when 178 is divided by 26?
22
Calculate the remainder when 284 is divided by 13.
11
Calculate the remainder when 596 is divided by 194.
14
What is the remainder when 10423 is divided by 29?
12
Calculate the remainder when 152 is divided by 26.
22
What is the remainder when 2512 is divided by 168?
160
What is the remainder when 849 is divided by 14?
9
Calculate the remainder when 3594 is divided by 60.
54
What is the remainder when 138 is divided by 20?
18
What is the remainder when 2106 is divided by 49?
48
What is the remainder when 2037 is divided by 60?
57
What is the remainder when 136 is divided by 47?
42
What is the remainder when 1565 is divided by 56?
53
What is the remainder when 115 is divided by 30?
25
What is the remainder when 191 is divided by 26?
9
Calculate the remainder when 1432 is divided by 41.
38
Calculate the remainder when 96 is divided by 51.
45
Calculate the remainder when 627 is divided by 15.
12
Calculate the remainder when 18479 is divided by 308.
307
What is the remainder when 149 is divided by 38?
35
What is the remainder when 63 is divided by 41?
22
What is the remainder when 419 is divided by 190?
39
Calculate the remainder when 1915 is divided by 14.
11
Calculate the remainder when 666 is divided by 85.
71
Calculate the remainder when 263 is divided by 34.
25
Calculate the remainder when 937 is divided by 82.
35
Calculate the remainder when 690 is divided by 33.
30
What is the remainder when 4889 is divided by 67?
65
What is the remainder when 295 is divided by 76?
67
What is the remainder when 2886 is divided by 114?
36
What is the remainder when 690 is divided by 41?
34
Calculate the remainder when 1635 is divided by 39.
36
What is the remainder when 230 is divided by 60?
50
What is the remainder when 778 is divided by 25?
3
What is the remainder when 288 is divided by 22?
2
Calculate the remainder when 1977 is divided by 4.
1
What is the remainder when 1629 is divided by 17?
14
Calculate the remainder when 185 is divided by 48.
41
What is the remainder when 315 is divided by 72?
27
What is the remainder when 38 is divided by 22?
16
Calculate the remainder when 667 is divided by 45.
37
What is the remainder when 46 is divided by 12?
10
What is the remainder when 675 is divided by 26?
25
Calculate the remainder when 1385 is divided by 35.
20
What is the remainder when 81 is divided by 30?
21
Calculate the remainder when 495 is divided by 30.
15
What is the remainder when 203 is divided by 54?
41
What is the remainder when 1006 is divided by 128?
110
Calculate the remainder when 652 is divided by 41.
37
What is the remainder when 4773 is divided by 14?
13
What is the remainder when 1874 is divided by 621?
11
What is the remainder when 380 is divided by 17?
6
What is the remainder when 1821 is divided by 54?
39
Calculate the remainder when 1149 is divided by 50.
49
What is the remainder when 2884 is divided by 74?
72
Calculate the remainder when 4632 is divided by 97.
73
Calculate the remainder when 431 is divided by 224.
207
Calculate the remainder when 970 is divided by 169.
125
What is the remainder when 319 is divided by 23?
20
Calculate the remainder when 9 is divided by 4.
1
Calculate the remainder when 210 is divided by 19.
1
Calculate the remainder when 31 is divided by 14.
3
Calculate the remainder when 196 is divided by 49.
0
What is the remainder when 168 is divided by 13?
12
Calculate the remainder when 600 is divided by 245.
110
Calculate the remainder when 8003 is divided by 46.
45
What is the remainder when 474 is divided by 125?
99
Calculate the remainder when 117 is divided by 57.
3
What is the remainder when 411 is divided by 196?
19
Calculate the remainder when 116 is divided by 104.
12
Calculate the remainder when 43 is divided by 4.
3
Calculate the remainder when 73688 is divided by 363.
362
Calculate the remainder when 421 is divided by 51.
13
Calculate the remainder when 426 is divided by 20.
6
What is the remainder when 161 is divided by 42?
35
Calculate the remainder when 1700 is divided by 46.
44
What is the remainder when 60 is divided by 11?
5
What is the remainder when 1039 is divided by 65?
64
What is the remainder when 47 is divided by 33?
14
Calculate the remainder when 670 is divided by 42.
40
What is the remainder when 1009 is divided by 69?
43
Calculate the remainder when 114 is divided by 88.
26
What is the remainder when 7251 is divided by 1805?
31
Calculate the remainder when 2418 is divided by 48.
18
Calculate the remainder when 42 is divided by 40.
2
What is the remainder when 5682 is divided by 98?
96
Calculate the remainder when 1465 is divided by 4.
1
Calculate the remainder when 852 is divided by 61.
59
Calculate the remainder when 503 is divided by 85.
78
Calculate the remainder when 85 is divided by 23.
16
What is the remainder when 17535 is divided by 247?
245
Calculate the remainder when 3575 is divided by 18.
11
What is the remainder when 458 is divided by 228?
2
Calculate the remainder when 3573 is divided by 4.
1
What is the remainder when 4792 is divided by 34?
32
What is the remainder when 1667 is divided by 12?
11
Calculate the remainder when 411 is divided by 29.
5
Calculate the remainder when 1706 is divided by 242.
12
What is the remainder when 481 is divided by 161?
159
What is the remainder when 3099 is divided by 311?
300
Calculate the remainder when 155 is divided by 89.
66
Calculate the remainder when 330 is divided by 328.
2
Calculate the remainder when 519 is divided by 63.
15
What is the remainder when 313 i